{"id":2173,"date":"2020-03-03T00:08:04","date_gmt":"2020-03-02T23:08:04","guid":{"rendered":"https:\/\/www.tsv-buchbach.de\/fussball\/?page_id=2173"},"modified":"2023-03-12T18:11:45","modified_gmt":"2023-03-12T17:11:45","slug":"foerderverein","status":"publish","type":"page","link":"https:\/\/www.tsv-buchbach.de\/fussball\/foerderverein\/","title":{"rendered":"F\u00f6rderverein"},"content":{"rendered":"\n<h2 class=\"wp-block-heading\">27.12.2022, F\u00f6rderverein TSV Buchbach e.V., <strong>Club der 100 \/ Club der 1000<\/strong><\/h2>\n\n\n\n<p>Wir verstehen uns als eine F\u00f6rdervereinigung, die durch Ihren j\u00e4hrlichen Beitrag bzw. Ihre j\u00e4hrliche Spende die Fu\u00dfballabteilung des TSV Buchbach unterst\u00fctzt. Der Fu\u00dfballsport vermittelt insbesondere an die jungen Sportlerinnen und Sportler Werte. Respekt, Disziplin, aber auch Freude am Sport, Teil einer Gemeinschaft zu sein, miteinander Erfolg zu haben und sich daran zu erfreuen, das betrachten wir als sehr wichtige Grundsteine f\u00fcr eine gedeihliche Entwicklung von Charakteren. Genau darauf ist auch die Philosophie der Arbeit in der Buchbacher Fu\u00dfballabteilung ausgerichtet. Das wollen wir nach Kr\u00e4ften unterst\u00fctzen. <\/p>\n\n\n\n<p>\u00dcber Jahrzehnte hinweg wird bei den Rot-Weissen hart und erfolgreich gearbeitet. Sowohl im Junioren- als auch im Seniorenbereich. Wir haben erkannt, dass sich die vielf\u00e4ltigen Aufgaben, die diese Erfolge mit sich bringen, nicht von selbst bewerkstelligen lassen. Trotz all des gro\u00dfartigen ehrenamtlichen Engagements von ganz vielen Trainerinnen und Trainern, Betreuerinnen und Betreuern, Helferinnen und Helfern braucht es auch ein gesundes finanzielles Fundament, damit der TSV Buchbach weiterhin so erfolgreich arbeiten kann. Wir m\u00f6chten mit unserem finanziellen Engagement ein Bestandteil dieses Fundamentes sein.<\/p>\n\n\n\n<p>Schon viele haben sich als F\u00f6rderer dieser Idee angeschlossen. Und je mehr wir sind, desto gr\u00f6\u00dfer ist die Wirkung zu Gunsten des TSV Buchbach. Wir freuen uns \u00fcber jeden, der sich uns anschlie\u00dft.<\/p>\n\n\n\n<p>Das Motto \u201eMia san Kult\u201c der Buchbacher Fu\u00dfballer k\u00f6nnen Sie mit Ihrer Mitgliedschaft unterst\u00fctzend zum Ausdruck bringen. Und Sie bekommen dar\u00fcber hinaus in regelm\u00e4\u00dfigen Versammlungen Informationen aus erster Hand, die so mancher Fan nicht aus der Zeitung erf\u00e4hrt. Also nichts wie los. Unterst\u00fctzen Sie durch Ihre Mitgliedschaft im Club der 100 \/ Club der 1000 die Arbeit der Fu\u00dfballabteilung des TSV Buchbach.<\/p>\n\n\n\n<h2 class=\"wp-block-heading\">VORTEILE f\u00fcr Club100\/Club1000-Mitglieder<\/h2>\n\n\n\n<ul class=\"wp-block-list\"><li>Exklusive Berichterstattung zur sportlichen Entwicklung in zwei \u201eClub-Versammlungen\u201c pro Jahr<\/li><li>Verminderte Preise f\u00fcr die Jahreskarten um 10 Prozent<\/li><li>Aushang der Mitgliederliste im Sportheim, Abdruck in der Rot-Wei\u00dfen-Stadionzeitung sowie Ver\u00f6ffentlichung hier auf unserer Homepage<\/li><\/ul>\n\n\n\n<h2 class=\"wp-block-heading\">J\u00e4hrliche Mitgliedsbeitr\u00e4ge\/Spenden<\/h2>\n\n\n\n<ul class=\"wp-block-list\"><li>Beitrag f\u00fcr F\u00f6rderverein: 25 Euro<\/li><li>Spende f\u00fcr Club der 100: 100 Euro<\/li><li>Spende f\u00fcr Club der 1000: 1000 Euro<\/li><\/ul>\n\n\n\n<h2 class=\"wp-block-heading\">Club100\/Club1000-Mitglieder (49), Stand 12.03.2023<\/h2>\n\n\n\n<ul class=\"wp-block-list\"><li>Eduard Wallner<\/li><li>Alexander Reithmaier<\/li><li>Wilhelm DeWitt<\/li><li>Helmut Scheuerer<\/li><li>Alfred Kopecki<\/li><li>Hans Baumann<\/li><li>Roland De Witt<\/li><li>Erwin Bierofka<\/li><li>Anton Bobenstetter<\/li><li>Heinz Scharf<\/li><li>Erhard Unger<\/li><li>Konrad Brand<\/li><li>Netzwerkservice Fischer<\/li><li>Martin Hanslmeier<\/li><li>Rudi Gr\u00f6ll<\/li><li>Autohaus Thaler KG<\/li><li>Gerhard Dittrich<\/li><li>Walter Wittmann<\/li><li>Josef Bauer<\/li><li>Anonymer Spender<\/li><li>Hans Hausmann<\/li><li>Georg Hanslmaier<\/li><li>Walter Hiermer<\/li><li>Ernst Altmann<\/li><li>Hamit Haslan<\/li><li>Karl-Heinz Veit<\/li><li>M\u00fchldorfer Nutrition AG<\/li><li>Peter Eichner<\/li><li>Josef Schneider<\/li><li>Stephan Rott<\/li><li>Josef Apfelb\u00f6ck<\/li><li>Franz Krieger<\/li><li>Ernst B\u00f6ck<\/li><li>Dieter Lange<\/li><li>Anton Bauer sen.<\/li><li>Reiner Amselgruber<\/li><li>Anton Maier<\/li><li>Josef M\u00fcller<\/li><li>Karl-Heinz Lison<\/li><li>Roland Lantenhammer<\/li><li>Matthias K\u00f6gl<\/li><li>Anton Hausberger, Edelstahl-Hausberger, Buchbach<\/li><li>Autohaus K&amp;W Gbr. Schwindegg<\/li><li>Klaus Bachmayr, Wasserburg, N\u00fcrnberger Versicherung, Generalagentur<\/li><li>Michael B\u00f6rstler<\/li><li>Georg Wimmer<\/li><li>Tobias Perner<\/li><li> Hans Bruckbauer <\/li><li>Carolin B\u00f6rstler<\/li><\/ul>\n\n\n\n<h2 class=\"wp-block-heading\">Vorstand des F\u00f6rdervereines<\/h2>\n\n\n\n<ul class=\"wp-block-list\"><li>1. Vorstand des F\u00f6rdervereins:  Florian Tremmel, email: <a href=\"mailto:florian.tremmel@tremmel-netz.de\">florian.tremmel@tremmel-netz.de<\/a><\/li><li>2. Vorstand und Kassier: Josef Kupper, email: <a href=\"mailto:kupper.jo@web.de\">kupper.jo@web.de<\/a><\/li><li>1. Beisitzer: G\u00fcnther Gr\u00fcbl<\/li><li>2. Beisitzer: Georg Hanslmaier<\/li><\/ul>\n\n\n\n<h2 class=\"wp-block-heading\">Mitglied werden<\/h2>\n\n\n\n<p>Der Mitgliedsantrag l\u00e4sst sich in zwei Varianten bearbeiten:<\/p>\n\n\n\n<ul class=\"wp-block-list\"><li>herunterladen, im Word \u00f6ffnen, sofort ausdrucken, alles h\u00e4ndisch ausf\u00fcllen, unterschreiben, abgeben<\/li><li>herunterladen, im Word \u00f6ffnen, elektronisch vorausf\u00fcllen, drucken, unterschreiben, abgeben<\/li><\/ul>\n\n\n\n<div class=\"wp-block-file\"><a href=\"https:\/\/www.tsv-buchbach.de\/fussball\/wp-content\/uploads\/2022\/02\/220202-tsv-buchbach-f\u00f6rderverein-club-antrag.docx\">220202-tsv-buchbach-f\u00f6rderverein-club-antrag<\/a><a href=\"https:\/\/www.tsv-buchbach.de\/fussball\/wp-content\/uploads\/2022\/02\/220202-tsv-buchbach-f\u00f6rderverein-club-antrag.docx\" class=\"wp-block-file__button\" download>Herunterladen<\/a><\/div>\n\n\n\n<p><\/p>\n","protected":false},"excerpt":{"rendered":"<p>27.12.2022, F\u00f6rderverein TSV Buchbach e.V., Club der 100 \/ Club der 1000 Wir verstehen uns als eine F\u00f6rdervereinigung, die durch Ihren j\u00e4hrlichen Beitrag bzw. Ihre j\u00e4hrliche Spende die Fu\u00dfballabteilung des&#8230;<\/p>\n","protected":false},"author":5,"featured_media":0,"parent":0,"menu_order":0,"comment_status":"closed","ping_status":"closed","template":"","meta":{"footnotes":""},"class_list":["post-2173","page","type-page","status-publish","hentry"],"_links":{"self":[{"href":"https:\/\/www.tsv-buchbach.de\/fussball\/wp-json\/wp\/v2\/pages\/2173","targetHints":{"allow":["GET"]}}],"collection":[{"href":"https:\/\/www.tsv-buchbach.de\/fussball\/wp-json\/wp\/v2\/pages"}],"about":[{"href":"https:\/\/www.tsv-buchbach.de\/fussball\/wp-json\/wp\/v2\/types\/page"}],"author":[{"embeddable":true,"href":"https:\/\/www.tsv-buchbach.de\/fussball\/wp-json\/wp\/v2\/users\/5"}],"replies":[{"embeddable":true,"href":"https:\/\/www.tsv-buchbach.de\/fussball\/wp-json\/wp\/v2\/comments?post=2173"}],"version-history":[{"count":44,"href":"https:\/\/www.tsv-buchbach.de\/fussball\/wp-json\/wp\/v2\/pages\/2173\/revisions"}],"predecessor-version":[{"id":7577,"href":"https:\/\/www.tsv-buchbach.de\/fussball\/wp-json\/wp\/v2\/pages\/2173\/revisions\/7577"}],"wp:attachment":[{"href":"https:\/\/www.tsv-buchbach.de\/fussball\/wp-json\/wp\/v2\/media?parent=2173"}],"curies":[{"name":"wp","href":"https:\/\/api.w.org\/{rel}","templated":true}]}}