{"id":416,"date":"2017-02-02T07:30:44","date_gmt":"2017-02-02T07:30:44","guid":{"rendered":"http:\/\/splash.loc\/soccer\/?page_id=416"},"modified":"2025-05-23T12:33:26","modified_gmt":"2025-05-23T10:33:26","slug":"smr-arena","status":"publish","type":"page","link":"https:\/\/www.tsv-buchbach.de\/fussball\/smr-arena\/","title":{"rendered":"SMR-Arena"},"content":{"rendered":"<div class=\"wpb-content-wrapper\"><p>[vc_row content_placement=&#8220;top&#8220; disable_element=&#8220;yes&#8220; css=&#8220;.vc_custom_1712231276314{margin-top: 0px !important;}&#8220;][vc_column][vc_single_image image=&#8220;2028&#8243; img_size=&#8220;full&#8220; alignment=&#8220;center&#8220;][\/vc_column][\/vc_row][vc_row content_placement=&#8220;top&#8220; css=&#8220;.vc_custom_1572431782562{margin-top: 0px !important;}&#8220;][vc_column][vc_images_carousel images=&#8220;8893,8891,8892&#8243; img_size=&#8220;large&#8220; autoplay=&#8220;yes&#8220;][\/vc_column][\/vc_row][vc_row full_width=&#8220;stretch_row&#8220; css=&#8220;.vc_custom_1537940832670{padding-top: 45px !important;padding-bottom: 20px !important;background-color: #f5f5f5 !important;}&#8220;][vc_column width=&#8220;1\/2&#8243;][vc_column_text]<\/p>\n<h3 style=\"line-height: 48px;\"><span style=\"color: #b81221;\">Unser Stadion<\/span><\/h3>\n<p>[\/vc_column_text][stm_icon_list list_type=&#8220;font&#8220; circle_bg=&#8220;enable&#8220; title=&#8220;fa fa-check-square-o&#8220;]<\/p>\n<ul>\n<li>Adresse: Jahnstra\u00dfe 7, 84428 Buchbach<\/li>\n<li>Fassungsverm\u00f6gen: 2.500 Zuschauer<\/li>\n<li>davon \u00fcberdacht: 500<\/li>\n<li>Flutlicht,\u00a0Anzeigetafel<\/li>\n<li>Sportheim mit vier Umkleiden und einem geselligen Vereinsheim<\/li>\n<li>ein Trainingsplatz oberhalb des Hauptspielfeldes, ein Trainingsplatz in 300m Entfernung<\/li>\n<li>Kunstrasen-Trainingsplatz in Planung<\/li>\n<li>Kassiert wird auch in der Kreisliga, Preise sind:\n<ul>\n<li>Erwachsene\u00a0\u00a0 6 Euro<\/li>\n<li>Erm\u00e4\u00dfigt\u00a0\u00a0 4 Euro<\/li>\n<\/ul>\n<\/li>\n<\/ul>\n<p>[\/stm_icon_list][\/vc_column][vc_column width=&#8220;1\/2&#8243;][vc_column_text]<\/p>\n<h3 style=\"line-height: 48px; color: #b81221 !important;\">Eintrittspreise Regionalliga<\/h3>\n<p>[\/vc_column_text][vc_tta_tabs][vc_tta_section title=&#8220;TAGESKARTEN&#8220; tab_id=&#8220;1583649013621-0ca8dca9-181a&#8220;][vc_single_image image=&#8220;10518&#8243; img_size=&#8220;full&#8220;][\/vc_tta_section][vc_tta_section title=&#8220;JAHRESKARTEN&#8220; tab_id=&#8220;1583649013622-a6d5da9b-a836&#8243;][vc_single_image image=&#8220;10517&#8243; img_size=&#8220;full&#8220;][\/vc_tta_section][\/vc_tta_tabs][vc_column_text]* Erm\u00e4\u00dfigungen gelten f\u00fcr Rentner, Schwerbesch\u00e4digte, Studenten, Zivil- und Wehrdienstleistende, Auszubildende, Sch\u00fcler. <span style=\"text-decoration: underline;\">Der aktuelle Erm\u00e4\u00dfigungsnachweis ist am Spieltag zwingend mitzuf\u00fchren.<\/span> Bei Nichmitf\u00fchren kann der Zutritt zum Stadion verwehrt werden.[\/vc_column_text][\/vc_column][\/vc_row][vc_row disable_element=&#8220;yes&#8220; css=&#8220;.vc_custom_1572463419323{background-color: #ffffff !important;}&#8220;][vc_column css=&#8220;.vc_custom_1538037485808{padding-top: 70px !important;padding-bottom: 0px !important;}&#8220;][\/vc_column][\/vc_row]<\/p>\n<\/div>","protected":false},"excerpt":{"rendered":"<p>[vc_row content_placement=&#8220;top&#8220; disable_element=&#8220;yes&#8220; css=&#8220;.vc_custom_1712231276314{margin-top: 0px !important;}&#8220;][vc_column][vc_single_image image=&#8220;2028&#8243; img_size=&#8220;full&#8220; alignment=&#8220;center&#8220;][\/vc_column][\/vc_row][vc_row content_placement=&#8220;top&#8220; css=&#8220;.vc_custom_1572431782562{margin-top: 0px !important;}&#8220;][vc_column][vc_images_carousel images=&#8220;8893,8891,8892&#8243; img_size=&#8220;large&#8220; autoplay=&#8220;yes&#8220;][\/vc_column][\/vc_row][vc_row full_width=&#8220;stretch_row&#8220; css=&#8220;.vc_custom_1537940832670{padding-top: 45px !important;padding-bottom: 20px !important;background-color: #f5f5f5 !important;}&#8220;][vc_column width=&#8220;1\/2&#8243;][vc_column_text] Unser Stadion [\/vc_column_text][stm_icon_list list_type=&#8220;font&#8220; circle_bg=&#8220;enable&#8220;&#8230;<\/p>\n","protected":false},"author":1,"featured_media":0,"parent":0,"menu_order":0,"comment_status":"closed","ping_status":"closed","template":"","meta":{"footnotes":""},"class_list":["post-416","page","type-page","status-publish","hentry"],"_links":{"self":[{"href":"https:\/\/www.tsv-buchbach.de\/fussball\/wp-json\/wp\/v2\/pages\/416","targetHints":{"allow":["GET"]}}],"collection":[{"href":"https:\/\/www.tsv-buchbach.de\/fussball\/wp-json\/wp\/v2\/pages"}],"about":[{"href":"https:\/\/www.tsv-buchbach.de\/fussball\/wp-json\/wp\/v2\/types\/page"}],"author":[{"embeddable":true,"href":"https:\/\/www.tsv-buchbach.de\/fussball\/wp-json\/wp\/v2\/users\/1"}],"replies":[{"embeddable":true,"href":"https:\/\/www.tsv-buchbach.de\/fussball\/wp-json\/wp\/v2\/comments?post=416"}],"version-history":[{"count":31,"href":"https:\/\/www.tsv-buchbach.de\/fussball\/wp-json\/wp\/v2\/pages\/416\/revisions"}],"predecessor-version":[{"id":11190,"href":"https:\/\/www.tsv-buchbach.de\/fussball\/wp-json\/wp\/v2\/pages\/416\/revisions\/11190"}],"wp:attachment":[{"href":"https:\/\/www.tsv-buchbach.de\/fussball\/wp-json\/wp\/v2\/media?parent=416"}],"curies":[{"name":"wp","href":"https:\/\/api.w.org\/{rel}","templated":true}]}}

<div class="wpb-content-wrapper"><p>[vc_row content_placement=&#8220;top&#8220; disable_element=&#8220;yes&#8220; css=&#8220;.vc_custom_1712231276314{margin-top: 0px !important;}&#8220;][vc_column][vc_single_image image=&#8220;2028&#8243; img_size=&#8220;full&#8220; alignment=&#8220;center&#8220;][/vc_column][/vc_row][vc_row content_placement=&#8220;top&#8220; css=&#8220;.vc_custom_1572431782562{margin-top: 0px !important;}&#8220;][vc_column][vc_images_carousel images=&#8220;8893,8891,8892&#8243; img_size=&#8220;large&#8220; autoplay=&#8220;yes&#8220;][/vc_column][/vc_row][vc_row full_width=&#8220;stretch_row&#8220; css=&#8220;.vc_custom_1537940832670{padding-top: 45px !important;padding-bottom: 20px !important;background-color: #f5f5f5 !important;}&#8220;][vc_column width=&#8220;1/2&#8243;][vc_column_text]</p>
<h3 style="line-height: 48px;"><span style="color: #b81221;">Unser Stadion</span></h3>
<p>[/vc_column_text][stm_icon_list list_type=&#8220;font&#8220; circle_bg=&#8220;enable&#8220; title=&#8220;fa fa-check-square-o&#8220;]</p>
<ul>
<li>Adresse: Jahnstraße 7, 84428 Buchbach</li>
<li>Fassungsvermögen: 2.500 Zuschauer</li>
<li>davon überdacht: 500</li>
<li>Flutlicht, Anzeigetafel</li>
<li>Sportheim mit vier Umkleiden und einem geselligen Vereinsheim</li>
<li>ein Trainingsplatz oberhalb des Hauptspielfeldes, ein Trainingsplatz in 300m Entfernung</li>
<li>Kunstrasen-Trainingsplatz in Planung</li>
<li>Kassiert wird auch in der Kreisliga, Preise sind:
<ul>
<li>Erwachsene   6 Euro</li>
<li>Ermäßigt   4 Euro</li>
</ul>
</li>
</ul>
<p>[/stm_icon_list][/vc_column][vc_column width=&#8220;1/2&#8243;][vc_column_text]</p>
<h3 style="line-height: 48px; color: #b81221 !important;">Eintrittspreise Regionalliga</h3>
<p>[/vc_column_text][vc_tta_tabs][vc_tta_section title=&#8220;TAGESKARTEN&#8220; tab_id=&#8220;1583649013621-0ca8dca9-181a&#8220;][vc_single_image image=&#8220;10518&#8243; img_size=&#8220;full&#8220;][/vc_tta_section][vc_tta_section title=&#8220;JAHRESKARTEN&#8220; tab_id=&#8220;1583649013622-a6d5da9b-a836&#8243;][vc_single_image image=&#8220;10517&#8243; img_size=&#8220;full&#8220;][/vc_tta_section][/vc_tta_tabs][vc_column_text]* Ermäßigungen gelten für Rentner, Schwerbeschädigte, Studenten, Zivil- und Wehrdienstleistende, Auszubildende, Schüler. <span style="text-decoration: underline;">Der aktuelle Ermäßigungsnachweis ist am Spieltag zwingend mitzuführen.</span> Bei Nichmitführen kann der Zutritt zum Stadion verwehrt werden.[/vc_column_text][/vc_column][/vc_row][vc_row disable_element=&#8220;yes&#8220; css=&#8220;.vc_custom_1572463419323{background-color: #ffffff !important;}&#8220;][vc_column css=&#8220;.vc_custom_1538037485808{padding-top: 70px !important;padding-bottom: 0px !important;}&#8220;][/vc_column][/vc_row]</p>
</div>
