{"id":683,"date":"2023-02-02T21:52:20","date_gmt":"2023-02-02T20:52:20","guid":{"rendered":"https:\/\/www.tsv-buchbach.de\/turnen\/?page_id=683"},"modified":"2025-10-30T08:23:23","modified_gmt":"2025-10-30T07:23:23","slug":"kinderturnen","status":"publish","type":"page","link":"https:\/\/www.tsv-buchbach.de\/turnen\/kinderturnen\/","title":{"rendered":"Kinderturnen"},"content":{"rendered":"<p>[vc_row][vc_column][vc_column_text]<\/p>\r\n<p><br \/><\/p>\r\n<h2 class=\"has-vivid-red-color has-text-color has-large-font-size wp-block-heading\" style=\"font-style: normal;font-weight: 400\">Kinder &amp; Jugend<\/h2>\r\n\r\n\r\n\r\n<p class=\"has-white-color has-vivid-red-background-color has-text-color has-background has-medium-font-size\">Kinderturnen 5 &#8211; 7 Jahre<\/p>\r\n<p>Kinderturnen ist die \u201eKinderstube des Sports\u201c. Bewegungserfahrungen werden im Spiel gesammelt und bilden die Grundlage aller Sportarten. Die F\u00f6rderung von Motorik, Koordination und Bewegung stehen mit zum Beispiel Balancieren, H\u00fcpfen, Schwingen und Rollen im Mittelpunkt des Kinderturnens.<\/p>\r\n<p>\r\n\r\nEin wichtiges Grundbed\u00fcrfnis von Kindern ist es, sich zu bewegen und indem sie ohne Eltern teilnehmen, wird die Selbst\u00e4ndigkeit gef\u00f6rdert. Im Spiel und Spa\u00df wird nicht nur der K\u00f6rper, sondern auch das Selbstvertrauen und die Selbsteinsch\u00e4tzung trainiert. Es wird dazu beigetragen, Grundsteine in verschiedenen Bereichen zu legen.<\/p>\r\n<p>F\u00fcr Kinder von 5 bis 7 Jahre.<\/p>\r\n<p>\u00a0<\/p>\r\n\r\n<figure class=\"wp-block-image size-large\"><img loading=\"lazy\" decoding=\"async\" class=\"alignnone wp-image-1347 size-full\" src=\"https:\/\/www.tsv-buchbach.de\/turnen\/wp-content\/uploads\/sites\/8\/2023\/09\/Kinderturnen-rotated.jpg\" alt=\"\" width=\"1024\" height=\"768\" srcset=\"https:\/\/www.tsv-buchbach.de\/turnen\/wp-content\/uploads\/sites\/8\/2023\/09\/Kinderturnen-rotated.jpg 1024w, https:\/\/www.tsv-buchbach.de\/turnen\/wp-content\/uploads\/sites\/8\/2023\/09\/Kinderturnen-300x225.jpg 300w, https:\/\/www.tsv-buchbach.de\/turnen\/wp-content\/uploads\/sites\/8\/2023\/09\/Kinderturnen-768x576.jpg 768w, https:\/\/www.tsv-buchbach.de\/turnen\/wp-content\/uploads\/sites\/8\/2023\/09\/Kinderturnen-128x96.jpg 128w, https:\/\/www.tsv-buchbach.de\/turnen\/wp-content\/uploads\/sites\/8\/2023\/09\/Kinderturnen-32x24.jpg 32w, https:\/\/www.tsv-buchbach.de\/turnen\/wp-content\/uploads\/sites\/8\/2023\/09\/Kinderturnen-98x74.jpg 98w, https:\/\/www.tsv-buchbach.de\/turnen\/wp-content\/uploads\/sites\/8\/2023\/09\/Kinderturnen-160x120.jpg 160w, https:\/\/www.tsv-buchbach.de\/turnen\/wp-content\/uploads\/sites\/8\/2023\/09\/Kinderturnen-600x450.jpg 600w\" sizes=\"auto, (max-width: 1024px) 100vw, 1024px\" \/><\/figure>\r\n<p>Donnerstag von 16:00 bis 17:00<\/p>\r\n<p>\r\n\r\n\u00dcbungsleiterin: Melanie B\u00f6gl mit Ayda Akyjildiz<\/p>\r\n\r\n<p>[\/vc_column_text][\/vc_column][\/vc_row][vc_row][vc_column][vc_column_text]<\/p>\r\n\r\n\r\n\r\n<p class=\"has-white-color has-vivid-red-background-color has-text-color has-background has-medium-font-size\">Actionkids 8 &#8211; 13 Jahre<\/p>\r\n<p>Die Abteilungen Turnen und Ski bieten ein spielerisches Konditionstraining mit Kraft, Ausdauer und Koordinationseinheiten an.<\/p>\r\n<p>F\u00fcr Kids von 8 &#8211; 13 Jahren<\/p>\r\n<p><img loading=\"lazy\" decoding=\"async\" class=\"alignnone wp-image-1568\" src=\"https:\/\/www.tsv-buchbach.de\/turnen\/wp-content\/uploads\/sites\/8\/2024\/09\/2024-09-Bild-Homepage-Actionkids2-300x165.jpg\" alt=\"\" width=\"1071\" height=\"589\" srcset=\"https:\/\/www.tsv-buchbach.de\/turnen\/wp-content\/uploads\/sites\/8\/2024\/09\/2024-09-Bild-Homepage-Actionkids2-300x165.jpg 300w, https:\/\/www.tsv-buchbach.de\/turnen\/wp-content\/uploads\/sites\/8\/2024\/09\/2024-09-Bild-Homepage-Actionkids2-1024x563.jpg 1024w, https:\/\/www.tsv-buchbach.de\/turnen\/wp-content\/uploads\/sites\/8\/2024\/09\/2024-09-Bild-Homepage-Actionkids2-768x422.jpg 768w, https:\/\/www.tsv-buchbach.de\/turnen\/wp-content\/uploads\/sites\/8\/2024\/09\/2024-09-Bild-Homepage-Actionkids2-1536x844.jpg 1536w, https:\/\/www.tsv-buchbach.de\/turnen\/wp-content\/uploads\/sites\/8\/2024\/09\/2024-09-Bild-Homepage-Actionkids2-2048x1126.jpg 2048w, https:\/\/www.tsv-buchbach.de\/turnen\/wp-content\/uploads\/sites\/8\/2024\/09\/2024-09-Bild-Homepage-Actionkids2-128x70.jpg 128w, https:\/\/www.tsv-buchbach.de\/turnen\/wp-content\/uploads\/sites\/8\/2024\/09\/2024-09-Bild-Homepage-Actionkids2-32x18.jpg 32w, https:\/\/www.tsv-buchbach.de\/turnen\/wp-content\/uploads\/sites\/8\/2024\/09\/2024-09-Bild-Homepage-Actionkids2-98x54.jpg 98w, https:\/\/www.tsv-buchbach.de\/turnen\/wp-content\/uploads\/sites\/8\/2024\/09\/2024-09-Bild-Homepage-Actionkids2-600x330.jpg 600w\" sizes=\"auto, (max-width: 1071px) 100vw, 1071px\" \/><\/p>\r\n<p>Mittwoch von 18:00 bis 19:00<\/p>\r\n<p>\u00dcbungsleiter: Melanie B\u00f6gl, Nikola Gr\u00fcbl, Julia Habermeier, Rosina Koller, Franziska Deinb\u00f6ck<\/p>\r\n<p>&nbsp;<\/p>\r\n\r\n<p>&nbsp;<\/p>\r\n<p>[\/vc_column_text][\/vc_column][\/vc_row]<\/p>","protected":false},"excerpt":{"rendered":"<p>[vc_row][vc_column][vc_column_text] Kinder &amp; Jugend Actionkids 8 &#8211; 13 Jahre Die Abteilungen Turnen und Ski bieten ein spielerisches Konditionstraining mit Kraft, Ausdauer und Koordinationseinheiten an. F\u00fcr Kids von 8 &#8211; 13 Jahren Mittwoch von 18:00 bis 19:00 \u00dcbungsleiter: Melanie B\u00f6gl, Nikola Gr\u00fcbl, Julia Habermeier, Rosina Koller, Franziska Deinb\u00f6ck &nbsp; &nbsp; [\/vc_column_text][\/vc_column][\/vc_row]<\/p>\n","protected":false},"author":10,"featured_media":670,"parent":0,"menu_order":0,"comment_status":"closed","ping_status":"closed","template":"","meta":{"footnotes":""},"class_list":["post-683","page","type-page","status-publish","has-post-thumbnail","hentry"],"_links":{"self":[{"href":"https:\/\/www.tsv-buchbach.de\/turnen\/wp-json\/wp\/v2\/pages\/683","targetHints":{"allow":["GET"]}}],"collection":[{"href":"https:\/\/www.tsv-buchbach.de\/turnen\/wp-json\/wp\/v2\/pages"}],"about":[{"href":"https:\/\/www.tsv-buchbach.de\/turnen\/wp-json\/wp\/v2\/types\/page"}],"author":[{"embeddable":true,"href":"https:\/\/www.tsv-buchbach.de\/turnen\/wp-json\/wp\/v2\/users\/10"}],"replies":[{"embeddable":true,"href":"https:\/\/www.tsv-buchbach.de\/turnen\/wp-json\/wp\/v2\/comments?post=683"}],"version-history":[{"count":30,"href":"https:\/\/www.tsv-buchbach.de\/turnen\/wp-json\/wp\/v2\/pages\/683\/revisions"}],"predecessor-version":[{"id":1923,"href":"https:\/\/www.tsv-buchbach.de\/turnen\/wp-json\/wp\/v2\/pages\/683\/revisions\/1923"}],"wp:featuredmedia":[{"embeddable":true,"href":"https:\/\/www.tsv-buchbach.de\/turnen\/wp-json\/wp\/v2\/media\/670"}],"wp:attachment":[{"href":"https:\/\/www.tsv-buchbach.de\/turnen\/wp-json\/wp\/v2\/media?parent=683"}],"curies":[{"name":"wp","href":"https:\/\/api.w.org\/{rel}","templated":true}]}}

<p>[vc_row][vc_column][vc_column_text]</p>
<p><br /></p>
<h2 class="has-vivid-red-color has-text-color has-large-font-size wp-block-heading" style="font-style: normal;font-weight: 400">Kinder &amp; Jugend</h2>



<p class="has-white-color has-vivid-red-background-color has-text-color has-background has-medium-font-size">Kinderturnen 5 &#8211; 7 Jahre</p>
<p>Kinderturnen ist die „Kinderstube des Sports“. Bewegungserfahrungen werden im Spiel gesammelt und bilden die Grundlage aller Sportarten. Die Förderung von Motorik, Koordination und Bewegung stehen mit zum Beispiel Balancieren, Hüpfen, Schwingen und Rollen im Mittelpunkt des Kinderturnens.</p>
<p>

Ein wichtiges Grundbedürfnis von Kindern ist es, sich zu bewegen und indem sie ohne Eltern teilnehmen, wird die Selbständigkeit gefördert. Im Spiel und Spaß wird nicht nur der Körper, sondern auch das Selbstvertrauen und die Selbsteinschätzung trainiert. Es wird dazu beigetragen, Grundsteine in verschiedenen Bereichen zu legen.</p>
<p>Für Kinder von 5 bis 7 Jahre.</p>
<p> </p>

<figure class="wp-block-image size-large"><img loading="lazy" decoding="async" class="alignnone wp-image-1347 size-full" src="https://www.tsv-buchbach.de/turnen/wp-content/uploads/sites/8/2023/09/Kinderturnen-rotated.jpg" alt="" width="1024" height="768" srcset="https://www.tsv-buchbach.de/turnen/wp-content/uploads/sites/8/2023/09/Kinderturnen-rotated.jpg 1024w, https://www.tsv-buchbach.de/turnen/wp-content/uploads/sites/8/2023/09/Kinderturnen-300x225.jpg 300w, https://www.tsv-buchbach.de/turnen/wp-content/uploads/sites/8/2023/09/Kinderturnen-768x576.jpg 768w, https://www.tsv-buchbach.de/turnen/wp-content/uploads/sites/8/2023/09/Kinderturnen-128x96.jpg 128w, https://www.tsv-buchbach.de/turnen/wp-content/uploads/sites/8/2023/09/Kinderturnen-32x24.jpg 32w, https://www.tsv-buchbach.de/turnen/wp-content/uploads/sites/8/2023/09/Kinderturnen-98x74.jpg 98w, https://www.tsv-buchbach.de/turnen/wp-content/uploads/sites/8/2023/09/Kinderturnen-160x120.jpg 160w, https://www.tsv-buchbach.de/turnen/wp-content/uploads/sites/8/2023/09/Kinderturnen-600x450.jpg 600w" sizes="auto, (max-width: 1024px) 100vw, 1024px" /></figure>
<p>Donnerstag von 16:00 bis 17:00</p>
<p>

Übungsleiterin: Melanie Bögl mit Ayda Akyjildiz</p>

<p>[/vc_column_text][/vc_column][/vc_row][vc_row][vc_column][vc_column_text]</p>



<p class="has-white-color has-vivid-red-background-color has-text-color has-background has-medium-font-size">Actionkids 8 &#8211; 13 Jahre</p>
<p>Die Abteilungen Turnen und Ski bieten ein spielerisches Konditionstraining mit Kraft, Ausdauer und Koordinationseinheiten an.</p>
<p>Für Kids von 8 &#8211; 13 Jahren</p>
<p><img loading="lazy" decoding="async" class="alignnone wp-image-1568" src="https://www.tsv-buchbach.de/turnen/wp-content/uploads/sites/8/2024/09/2024-09-Bild-Homepage-Actionkids2-300x165.jpg" alt="" width="1071" height="589" srcset="https://www.tsv-buchbach.de/turnen/wp-content/uploads/sites/8/2024/09/2024-09-Bild-Homepage-Actionkids2-300x165.jpg 300w, https://www.tsv-buchbach.de/turnen/wp-content/uploads/sites/8/2024/09/2024-09-Bild-Homepage-Actionkids2-1024x563.jpg 1024w, https://www.tsv-buchbach.de/turnen/wp-content/uploads/sites/8/2024/09/2024-09-Bild-Homepage-Actionkids2-768x422.jpg 768w, https://www.tsv-buchbach.de/turnen/wp-content/uploads/sites/8/2024/09/2024-09-Bild-Homepage-Actionkids2-1536x844.jpg 1536w, https://www.tsv-buchbach.de/turnen/wp-content/uploads/sites/8/2024/09/2024-09-Bild-Homepage-Actionkids2-2048x1126.jpg 2048w, https://www.tsv-buchbach.de/turnen/wp-content/uploads/sites/8/2024/09/2024-09-Bild-Homepage-Actionkids2-128x70.jpg 128w, https://www.tsv-buchbach.de/turnen/wp-content/uploads/sites/8/2024/09/2024-09-Bild-Homepage-Actionkids2-32x18.jpg 32w, https://www.tsv-buchbach.de/turnen/wp-content/uploads/sites/8/2024/09/2024-09-Bild-Homepage-Actionkids2-98x54.jpg 98w, https://www.tsv-buchbach.de/turnen/wp-content/uploads/sites/8/2024/09/2024-09-Bild-Homepage-Actionkids2-600x330.jpg 600w" sizes="auto, (max-width: 1071px) 100vw, 1071px" /></p>
<p>Mittwoch von 18:00 bis 19:00</p>
<p>Übungsleiter: Melanie Bögl, Nikola Grübl, Julia Habermeier, Rosina Koller, Franziska Deinböck</p>
<p>&nbsp;</p>

<p>&nbsp;</p>
<p>[/vc_column_text][/vc_column][/vc_row]</p>

<p>[vc_row][vc_column][vc_column_text] Kinder &amp; Jugend Actionkids 8 &#8211; 13 Jahre Die Abteilungen Turnen und Ski bieten ein spielerisches Konditionstraining mit Kraft, Ausdauer und Koordinationseinheiten an. Für Kids von 8 &#8211; 13 Jahren Mittwoch von 18:00 bis 19:00 Übungsleiter: Melanie Bögl, Nikola Grübl, Julia Habermeier, Rosina Koller, Franziska Deinböck &nbsp; &nbsp; [/vc_column_text][/vc_column][/vc_row]</p>
