{"id":693,"date":"2023-02-03T21:16:34","date_gmt":"2023-02-03T20:16:34","guid":{"rendered":"https:\/\/www.tsv-buchbach.de\/turnen\/?page_id=693"},"modified":"2025-10-30T08:28:23","modified_gmt":"2025-10-30T07:28:23","slug":"gardetanz","status":"publish","type":"page","link":"https:\/\/www.tsv-buchbach.de\/turnen\/gardetanz\/","title":{"rendered":"Gardetanz"},"content":{"rendered":"<p>[vc_row][vc_column][vc_column_text]<\/p>\r\n\r\n<p>&nbsp;<\/p>\r\n\r\n<h2 class=\"has-vivid-red-color has-text-color has-large-font-size wp-block-heading\" style=\"font-style: normal;font-weight: 400\">Gardetanz<\/h2>\r\n\r\n<p>&nbsp;<\/p>\r\n\r\n<p class=\"has-white-color has-vivid-red-background-color has-text-color has-background has-medium-font-size\">Sunshine Kids 4 &#8211; 7 Jahre<\/p>\r\n\r\n<p>Spa\u00df, Spiel und Kindertanz stehen an erster Stelle. Wir wollen auf spielerische Weise Koordination, Gleichgewicht und Haltung schulen.<br \/>Im Vordergrund steht der Spa\u00df an der Bewegung.<br \/>Im Fasching sind wir als Mini Kids und Sunshine Kids, mit unseren einstudierten T\u00e4nzen auf Tour. In der Zeit von September bis Februar lernen wir Choreographie zu Themenmusik und haben in der Faschingszeit bei Kinderb\u00e4llen Auftritte. Nach der Faschingszeit besch\u00e4ftigen wir uns mit &#8222;TURNEN&#8220;.<\/p>\r\n<p class=\"has-medium-font-size\"><\/p>\r\n<p>Neuzug\u00e4nge sind herzlich Willlkommen.<\/p>\r\n\r\n<p>&nbsp;<\/p>\r\n\r\n<figure class=\"wp-block-image size-full\"><img loading=\"lazy\" decoding=\"async\" class=\"alignnone wp-image-1701 aligncenter\" src=\"https:\/\/www.tsv-buchbach.de\/turnen\/wp-content\/uploads\/sites\/8\/2025\/04\/Gruppenfoto-SunshineKids-Fasching-2025-klein-300x198.jpg\" alt=\"\" width=\"839\" height=\"554\" srcset=\"https:\/\/www.tsv-buchbach.de\/turnen\/wp-content\/uploads\/sites\/8\/2025\/04\/Gruppenfoto-SunshineKids-Fasching-2025-klein-300x198.jpg 300w, https:\/\/www.tsv-buchbach.de\/turnen\/wp-content\/uploads\/sites\/8\/2025\/04\/Gruppenfoto-SunshineKids-Fasching-2025-klein-1024x676.jpg 1024w, https:\/\/www.tsv-buchbach.de\/turnen\/wp-content\/uploads\/sites\/8\/2025\/04\/Gruppenfoto-SunshineKids-Fasching-2025-klein-768x507.jpg 768w, https:\/\/www.tsv-buchbach.de\/turnen\/wp-content\/uploads\/sites\/8\/2025\/04\/Gruppenfoto-SunshineKids-Fasching-2025-klein-1536x1014.jpg 1536w, https:\/\/www.tsv-buchbach.de\/turnen\/wp-content\/uploads\/sites\/8\/2025\/04\/Gruppenfoto-SunshineKids-Fasching-2025-klein-2048x1351.jpg 2048w, https:\/\/www.tsv-buchbach.de\/turnen\/wp-content\/uploads\/sites\/8\/2025\/04\/Gruppenfoto-SunshineKids-Fasching-2025-klein-128x84.jpg 128w, https:\/\/www.tsv-buchbach.de\/turnen\/wp-content\/uploads\/sites\/8\/2025\/04\/Gruppenfoto-SunshineKids-Fasching-2025-klein-32x21.jpg 32w, https:\/\/www.tsv-buchbach.de\/turnen\/wp-content\/uploads\/sites\/8\/2025\/04\/Gruppenfoto-SunshineKids-Fasching-2025-klein-98x65.jpg 98w, https:\/\/www.tsv-buchbach.de\/turnen\/wp-content\/uploads\/sites\/8\/2025\/04\/Gruppenfoto-SunshineKids-Fasching-2025-klein-600x396.jpg 600w\" sizes=\"auto, (max-width: 839px) 100vw, 839px\" \/><\/figure>\r\n<p>&nbsp;<\/p>\r\n<p><strong>Trainingszeit:<\/strong><\/p>\r\n\r\n<p>Mittwoch von 16:45 Uhr &#8211; 18:00 Uhr<\/p>\r\n\r\n<p>Trainerinnen Sunshine Kids: Melanie B\u00f6gl, Veronika Zankl,Lisa Voith, Julia Wagner<\/p>\r\n\r\n<p>&nbsp;<\/p>\r\n\r\n<p class=\"has-cyan-bluish-gray-color has-text-color has-medium-font-size\"><\/p>\r\n\r\n<p class=\"has-white-color has-vivid-red-background-color has-text-color has-background has-medium-font-size\">Bubarinis 8 &#8211; 10 Jahre<\/p>\r\n<p class=\"has-cyan-bluish-gray-color has-text-color has-medium-font-size\"><\/p>\r\n<p>Bewegung ist ein grundlegendes Element der menschlichen Entwicklung und als eines der Grundbed\u00fcrfnisse unserer Kinder unerl\u00e4sslich f\u00fcr ihre gesamte Pers\u00f6nlichkeitsentwicklung.<br \/>Kinderturnen ist das vielseitige Spielen, Bewegen und Fertigkeitslernen an und mit Ger\u00e4ten und bietet den Kindern die Bewegungs- und Erfahrungsr\u00e4ume, die sie f\u00fcr eine gesunde Entwicklung ben\u00f6tigen.<br \/>In einer f\u00fcr unsere Kinder immer bewegungs\u00e4rmeren Umwelt schafft Kinderturnen M\u00f6glichkeiten, vielf\u00e4ltige Bewegungs-und Wahrnehmungserfahrungen zu sammeln.<\/p>\r\n<p class=\"has-cyan-bluish-gray-color has-text-color has-medium-font-size\"><\/p>\r\n<p>In der Zeit von September bis Februar lernen wir\u00a0Choreographie zu Themenmusik und haben in der Faschingszeit bei Kinderb\u00e4llen Auftritte.<br \/>Nach der Faschingszeit besch\u00e4ftigen wir uns wieder mit dem &#8222;TURNEN&#8220;.<\/p>\r\n<p class=\"has-medium-font-size\"><\/p>\r\n<p>Neuzug\u00e4nge sind herzlich Willlkommen.<\/p>\r\n<p class=\"has-cyan-bluish-gray-color has-text-color has-medium-font-size\"><\/p>\r\n\r\n<figure class=\"wp-block-image size-full\"><img loading=\"lazy\" decoding=\"async\" class=\"wp-image-1696 aligncenter\" src=\"https:\/\/www.tsv-buchbach.de\/turnen\/wp-content\/uploads\/sites\/8\/2025\/04\/Gruppenbild-Bubarinis-Show-mittel-300x220.jpg\" alt=\"\" width=\"853\" height=\"626\" srcset=\"https:\/\/www.tsv-buchbach.de\/turnen\/wp-content\/uploads\/sites\/8\/2025\/04\/Gruppenbild-Bubarinis-Show-mittel-300x220.jpg 300w, https:\/\/www.tsv-buchbach.de\/turnen\/wp-content\/uploads\/sites\/8\/2025\/04\/Gruppenbild-Bubarinis-Show-mittel-1024x752.jpg 1024w, https:\/\/www.tsv-buchbach.de\/turnen\/wp-content\/uploads\/sites\/8\/2025\/04\/Gruppenbild-Bubarinis-Show-mittel-768x564.jpg 768w, https:\/\/www.tsv-buchbach.de\/turnen\/wp-content\/uploads\/sites\/8\/2025\/04\/Gruppenbild-Bubarinis-Show-mittel-1536x1128.jpg 1536w, https:\/\/www.tsv-buchbach.de\/turnen\/wp-content\/uploads\/sites\/8\/2025\/04\/Gruppenbild-Bubarinis-Show-mittel-2048x1504.jpg 2048w, https:\/\/www.tsv-buchbach.de\/turnen\/wp-content\/uploads\/sites\/8\/2025\/04\/Gruppenbild-Bubarinis-Show-mittel-128x94.jpg 128w, https:\/\/www.tsv-buchbach.de\/turnen\/wp-content\/uploads\/sites\/8\/2025\/04\/Gruppenbild-Bubarinis-Show-mittel-32x24.jpg 32w, https:\/\/www.tsv-buchbach.de\/turnen\/wp-content\/uploads\/sites\/8\/2025\/04\/Gruppenbild-Bubarinis-Show-mittel-98x72.jpg 98w, https:\/\/www.tsv-buchbach.de\/turnen\/wp-content\/uploads\/sites\/8\/2025\/04\/Gruppenbild-Bubarinis-Show-mittel-600x441.jpg 600w\" sizes=\"auto, (max-width: 853px) 100vw, 853px\" \/><\/figure>\r\n<p><img loading=\"lazy\" decoding=\"async\" class=\" wp-image-1692 aligncenter\" src=\"https:\/\/www.tsv-buchbach.de\/turnen\/wp-content\/uploads\/sites\/8\/2025\/04\/Gruppenbild-Bubarinis-Marsch-klein-300x225.jpg\" alt=\"\" width=\"838\" height=\"628\" srcset=\"https:\/\/www.tsv-buchbach.de\/turnen\/wp-content\/uploads\/sites\/8\/2025\/04\/Gruppenbild-Bubarinis-Marsch-klein-300x225.jpg 300w, https:\/\/www.tsv-buchbach.de\/turnen\/wp-content\/uploads\/sites\/8\/2025\/04\/Gruppenbild-Bubarinis-Marsch-klein-1024x769.jpg 1024w, https:\/\/www.tsv-buchbach.de\/turnen\/wp-content\/uploads\/sites\/8\/2025\/04\/Gruppenbild-Bubarinis-Marsch-klein-768x577.jpg 768w, https:\/\/www.tsv-buchbach.de\/turnen\/wp-content\/uploads\/sites\/8\/2025\/04\/Gruppenbild-Bubarinis-Marsch-klein-2048x1538.jpg 2048w, https:\/\/www.tsv-buchbach.de\/turnen\/wp-content\/uploads\/sites\/8\/2025\/04\/Gruppenbild-Bubarinis-Marsch-klein-128x96.jpg 128w, https:\/\/www.tsv-buchbach.de\/turnen\/wp-content\/uploads\/sites\/8\/2025\/04\/Gruppenbild-Bubarinis-Marsch-klein-32x24.jpg 32w, https:\/\/www.tsv-buchbach.de\/turnen\/wp-content\/uploads\/sites\/8\/2025\/04\/Gruppenbild-Bubarinis-Marsch-klein-98x74.jpg 98w, https:\/\/www.tsv-buchbach.de\/turnen\/wp-content\/uploads\/sites\/8\/2025\/04\/Gruppenbild-Bubarinis-Marsch-klein-160x120.jpg 160w, https:\/\/www.tsv-buchbach.de\/turnen\/wp-content\/uploads\/sites\/8\/2025\/04\/Gruppenbild-Bubarinis-Marsch-klein-600x451.jpg 600w\" sizes=\"auto, (max-width: 838px) 100vw, 838px\" \/><\/p>\r\n<p><strong>Trainingszeit:<\/strong><\/p>\r\n<p class=\"has-cyan-bluish-gray-color has-text-color has-medium-font-size\"><\/p>\r\n<p>Montag von 16:00 Uhr bis 17:30 Uhr<\/p>\r\n<p>Trainerinnen Show: Sonja Reithmaier, Rosina Koller<br \/>Trainerinnen Marsch: Anna Hanslmaier, Franziska Deinb\u00f6ck<\/p>\r\n<p class=\"has-cyan-bluish-gray-color has-text-color has-medium-font-size\"><\/p>\r\n\r\n<p class=\"has-medium-font-size\"><\/p>\r\n\r\n<p class=\"has-white-color has-vivid-red-background-color has-text-color has-background has-medium-font-size\">Teens 11 &#8211; 12 Jahre<\/p>\r\n<p class=\"has-medium-font-size\"><\/p>\r\n<p>In dieser Gruppen bieten wir den Jugendlichen im Alter zwischen 10 und 14 Jahren, ein Training in dem die &#8222;Lust an Bewegung zur Musik&#8220; an erster Stelle steht.<br \/>Mit Aufw\u00e4rmspielen starten wir die Stunde. Anschlie\u00dfend werden Choreographien zu unterschiedlichen Musikstilen, von Hip Hop bis Videoclip einstudiert, die wir in der Faschingszeit im n\u00e4heren Umkreis zum Besten geben.<\/p>\r\n<p class=\"has-medium-font-size\"><\/p>\r\n<p>Neuzug\u00e4nge sind herzlich Willlkommen.<\/p>\r\n<p class=\"has-medium-font-size\"><\/p>\r\n\r\n<figure class=\"wp-block-image size-full is-resized\"><img loading=\"lazy\" decoding=\"async\" class=\"alignnone wp-image-1694 aligncenter\" src=\"https:\/\/www.tsv-buchbach.de\/turnen\/wp-content\/uploads\/sites\/8\/2025\/04\/Teens-klein-300x295.jpg\" alt=\"\" width=\"814\" height=\"800\" srcset=\"https:\/\/www.tsv-buchbach.de\/turnen\/wp-content\/uploads\/sites\/8\/2025\/04\/Teens-klein-300x295.jpg 300w, https:\/\/www.tsv-buchbach.de\/turnen\/wp-content\/uploads\/sites\/8\/2025\/04\/Teens-klein-1024x1006.jpg 1024w, https:\/\/www.tsv-buchbach.de\/turnen\/wp-content\/uploads\/sites\/8\/2025\/04\/Teens-klein-768x755.jpg 768w, https:\/\/www.tsv-buchbach.de\/turnen\/wp-content\/uploads\/sites\/8\/2025\/04\/Teens-klein-128x126.jpg 128w, https:\/\/www.tsv-buchbach.de\/turnen\/wp-content\/uploads\/sites\/8\/2025\/04\/Teens-klein-32x32.jpg 32w, https:\/\/www.tsv-buchbach.de\/turnen\/wp-content\/uploads\/sites\/8\/2025\/04\/Teens-klein-80x80.jpg 80w, https:\/\/www.tsv-buchbach.de\/turnen\/wp-content\/uploads\/sites\/8\/2025\/04\/Teens-klein-98x96.jpg 98w, https:\/\/www.tsv-buchbach.de\/turnen\/wp-content\/uploads\/sites\/8\/2025\/04\/Teens-klein-600x590.jpg 600w, https:\/\/www.tsv-buchbach.de\/turnen\/wp-content\/uploads\/sites\/8\/2025\/04\/Teens-klein.jpg 1500w\" sizes=\"auto, (max-width: 814px) 100vw, 814px\" \/><\/figure>\r\n<p class=\"has-medium-font-size\"><\/p>\r\n<p>&nbsp;<\/p>\r\n<p><strong>Trainingszeit:<\/strong><\/p>\r\n<p>Freitag von 15:30 Uhr bis 17:00 Uhr<\/p>\r\n<p class=\"has-medium-font-size\"><!-- \/wp:post-content --><\/p>\r\n<p><!-- wp:paragraph -->Trainerinnen: Aruna Klingner, Annalena Wagner<\/p>\r\n<p class=\"has-medium-font-size\"><!-- \/wp:paragraph --><\/p>\r\n<!-- wp:paragraph -->\r\n<p class=\"has-medium-font-size\"><!-- \/wp:paragraph --><\/p>\r\n<!-- wp:paragraph {\"backgroundColor\":\"vivid-red\",\"textColor\":\"white\",\"fontSize\":\"medium\"} -->\r\n<p class=\"has-white-color has-vivid-red-background-color has-text-color has-background has-medium-font-size\">Dancers 13 &#8211; 15 Jahre<\/p>\r\n<p class=\"has-medium-font-size\"><!-- \/wp:paragraph --><\/p>\r\n<p><!-- wp:paragraph -->In dieser Gruppen bieten wir den Jugendlichen im Alter zwischen 10 und 14 Jahren, ein Training in dem die &#8222;Lust an Bewegung zur Musik&#8220; an erster Stelle steht.<br \/>Mit Aufw\u00e4rmspielen starten wir die Stunde. Anschlie\u00dfend werden Choreographien zu unterschiedlichen Musikstilen, von Hip Hop bis Videoclip einstudiert, die wir in der Faschingszeit im n\u00e4heren Umkreis zum Besten geben.<\/p>\r\n<p class=\"has-medium-font-size\"><!-- \/wp:paragraph --><\/p>\r\n<p><!-- wp:paragraph -->Neuzug\u00e4nge sind herzlich Willlkommen.<\/p>\r\n<p class=\"has-medium-font-size\"><!-- \/wp:paragraph --><\/p>\r\n<!-- wp:image {\"id\":756,\"width\":853,\"height\":333,\"sizeSlug\":\"full\",\"linkDestination\":\"none\"} -->\r\n<figure class=\"wp-block-image size-full is-resized\"><img loading=\"lazy\" decoding=\"async\" class=\"wp-image-1695 aligncenter\" src=\"https:\/\/www.tsv-buchbach.de\/turnen\/wp-content\/uploads\/sites\/8\/2025\/04\/Dancers-225x300.jpeg\" alt=\"\" width=\"415\" height=\"553\" srcset=\"https:\/\/www.tsv-buchbach.de\/turnen\/wp-content\/uploads\/sites\/8\/2025\/04\/Dancers-225x300.jpeg 225w, https:\/\/www.tsv-buchbach.de\/turnen\/wp-content\/uploads\/sites\/8\/2025\/04\/Dancers-768x1024.jpeg 768w, https:\/\/www.tsv-buchbach.de\/turnen\/wp-content\/uploads\/sites\/8\/2025\/04\/Dancers-1152x1536.jpeg 1152w, https:\/\/www.tsv-buchbach.de\/turnen\/wp-content\/uploads\/sites\/8\/2025\/04\/Dancers-96x128.jpeg 96w, https:\/\/www.tsv-buchbach.de\/turnen\/wp-content\/uploads\/sites\/8\/2025\/04\/Dancers-24x32.jpeg 24w, https:\/\/www.tsv-buchbach.de\/turnen\/wp-content\/uploads\/sites\/8\/2025\/04\/Dancers-74x98.jpeg 74w, https:\/\/www.tsv-buchbach.de\/turnen\/wp-content\/uploads\/sites\/8\/2025\/04\/Dancers-600x800.jpeg 600w, https:\/\/www.tsv-buchbach.de\/turnen\/wp-content\/uploads\/sites\/8\/2025\/04\/Dancers.jpeg 1536w\" sizes=\"auto, (max-width: 415px) 100vw, 415px\" \/><\/figure>\r\n<p class=\"has-medium-font-size\"><!-- \/wp:image --><\/p>\r\n<p><strong>Trainingszeit:<\/strong><\/p>\r\n<p><!-- wp:paragraph -->Dienstag von 18:30 Uhr bis 20:00 Uhr<\/p>\r\n<p class=\"has-medium-font-size\"><!-- \/wp:paragraph --><\/p>\r\n<p><!-- wp:paragraph -->Trainerinnen: Selina Scheuerer, Vanessa Scheuerer, Julian Biebl<\/p>\r\n<p class=\"has-medium-font-size\"><!-- \/wp:paragraph --><\/p>\r\n<p>[\/vc_column_text][\/vc_column][\/vc_row]<\/p>","protected":false},"excerpt":{"rendered":"<p>[vc_row][vc_column][vc_column_text] &nbsp; Gardetanz &nbsp; Sunshine Kids 4 &#8211; 7 Jahre Spa\u00df, Spiel und Kindertanz stehen an erster Stelle. Wir wollen auf spielerische Weise Koordination, Gleichgewicht und Haltung schulen.Im Vordergrund steht der Spa\u00df an der Bewegung.Im Fasching sind wir als Mini Kids und Sunshine Kids, mit unseren einstudierten T\u00e4nzen auf Tour. In der Zeit von September&#8230;<\/p>\n","protected":false},"author":10,"featured_media":0,"parent":0,"menu_order":0,"comment_status":"closed","ping_status":"closed","template":"","meta":{"footnotes":""},"class_list":["post-693","page","type-page","status-publish","hentry"],"_links":{"self":[{"href":"https:\/\/www.tsv-buchbach.de\/turnen\/wp-json\/wp\/v2\/pages\/693","targetHints":{"allow":["GET"]}}],"collection":[{"href":"https:\/\/www.tsv-buchbach.de\/turnen\/wp-json\/wp\/v2\/pages"}],"about":[{"href":"https:\/\/www.tsv-buchbach.de\/turnen\/wp-json\/wp\/v2\/types\/page"}],"author":[{"embeddable":true,"href":"https:\/\/www.tsv-buchbach.de\/turnen\/wp-json\/wp\/v2\/users\/10"}],"replies":[{"embeddable":true,"href":"https:\/\/www.tsv-buchbach.de\/turnen\/wp-json\/wp\/v2\/comments?post=693"}],"version-history":[{"count":34,"href":"https:\/\/www.tsv-buchbach.de\/turnen\/wp-json\/wp\/v2\/pages\/693\/revisions"}],"predecessor-version":[{"id":1924,"href":"https:\/\/www.tsv-buchbach.de\/turnen\/wp-json\/wp\/v2\/pages\/693\/revisions\/1924"}],"wp:attachment":[{"href":"https:\/\/www.tsv-buchbach.de\/turnen\/wp-json\/wp\/v2\/media?parent=693"}],"curies":[{"name":"wp","href":"https:\/\/api.w.org\/{rel}","templated":true}]}}