{"id":779,"date":"2023-02-03T22:05:41","date_gmt":"2023-02-03T21:05:41","guid":{"rendered":"https:\/\/www.tsv-buchbach.de\/turnen\/?page_id=779"},"modified":"2025-09-16T22:47:26","modified_gmt":"2025-09-16T20:47:26","slug":"senioren","status":"publish","type":"page","link":"https:\/\/www.tsv-buchbach.de\/turnen\/senioren\/","title":{"rendered":"Senioren"},"content":{"rendered":"<p>[vc_row][vc_column][vc_column_text]<\/p>\r\n\r\n<h2 class=\"wp-block-heading\">\u00a0<\/h2>\r\n<h2 class=\"has-vivid-red-color has-text-color has-large-font-size\" style=\"font-style: normal;font-weight: 400\">Senioren<\/h2>\r\n\r\n<p>Seniorensport das hei\u00dft, durch leichte Gymnastik, Beweglichkeit und Wohlbefinden verbessern.<br \/>Wichtig in dieser Stunde, jeder kann selbst entscheiden, in welchem Umfang die \u00dcbung seiner Beweglichkeit und Kondition entsprechen.<br \/>Die Gesundheit das k\u00f6rperliche und geistige Wohlbefinden zu steigern steht an erster Stelle.<\/p>\r\n\r\n<p>&nbsp;<\/p>\r\n\r\n<figure class=\"wp-block-image size-full\"><img loading=\"lazy\" decoding=\"async\" width=\"600\" height=\"400\" class=\"wp-image-781\" src=\"https:\/\/www.tsv-buchbach.de\/turnen\/wp-content\/uploads\/sites\/8\/2023\/02\/senioren_600x400.png\" alt=\"\" srcset=\"https:\/\/www.tsv-buchbach.de\/turnen\/wp-content\/uploads\/sites\/8\/2023\/02\/senioren_600x400.png 600w, https:\/\/www.tsv-buchbach.de\/turnen\/wp-content\/uploads\/sites\/8\/2023\/02\/senioren_600x400-300x200.png 300w, https:\/\/www.tsv-buchbach.de\/turnen\/wp-content\/uploads\/sites\/8\/2023\/02\/senioren_600x400-128x85.png 128w, https:\/\/www.tsv-buchbach.de\/turnen\/wp-content\/uploads\/sites\/8\/2023\/02\/senioren_600x400-32x21.png 32w, https:\/\/www.tsv-buchbach.de\/turnen\/wp-content\/uploads\/sites\/8\/2023\/02\/senioren_600x400-360x240.png 360w, https:\/\/www.tsv-buchbach.de\/turnen\/wp-content\/uploads\/sites\/8\/2023\/02\/senioren_600x400-98x65.png 98w\" sizes=\"auto, (max-width: 600px) 100vw, 600px\" \/><\/figure>\r\n\r\n<p>Dienstag von 18:30 Uhr bis 19:30 Uhr<\/p>\r\n<p>\u00dcbungsleiterin: Astrid B\u00f6gl &amp; Frieda Schwanner im Wechsel<\/p>\r\n\r\n<p>&nbsp;<\/p>\r\n<p>[\/vc_column_text][\/vc_column][\/vc_row]<\/p>","protected":false},"excerpt":{"rendered":"<p>[vc_row][vc_column][vc_column_text] \u00a0 Senioren Seniorensport das hei\u00dft, durch leichte Gymnastik, Beweglichkeit und Wohlbefinden verbessern.Wichtig in dieser Stunde, jeder kann selbst entscheiden, in welchem Umfang die \u00dcbung seiner Beweglichkeit und Kondition entsprechen.Die Gesundheit das k\u00f6rperliche und geistige Wohlbefinden zu steigern steht an erster Stelle. &nbsp; Dienstag von 18:30 Uhr bis 19:30 Uhr \u00dcbungsleiterin: Astrid B\u00f6gl &amp; Frieda&#8230;<\/p>\n","protected":false},"author":10,"featured_media":0,"parent":0,"menu_order":0,"comment_status":"closed","ping_status":"closed","template":"","meta":{"footnotes":""},"class_list":["post-779","page","type-page","status-publish","hentry"],"_links":{"self":[{"href":"https:\/\/www.tsv-buchbach.de\/turnen\/wp-json\/wp\/v2\/pages\/779","targetHints":{"allow":["GET"]}}],"collection":[{"href":"https:\/\/www.tsv-buchbach.de\/turnen\/wp-json\/wp\/v2\/pages"}],"about":[{"href":"https:\/\/www.tsv-buchbach.de\/turnen\/wp-json\/wp\/v2\/types\/page"}],"author":[{"embeddable":true,"href":"https:\/\/www.tsv-buchbach.de\/turnen\/wp-json\/wp\/v2\/users\/10"}],"replies":[{"embeddable":true,"href":"https:\/\/www.tsv-buchbach.de\/turnen\/wp-json\/wp\/v2\/comments?post=779"}],"version-history":[{"count":12,"href":"https:\/\/www.tsv-buchbach.de\/turnen\/wp-json\/wp\/v2\/pages\/779\/revisions"}],"predecessor-version":[{"id":1854,"href":"https:\/\/www.tsv-buchbach.de\/turnen\/wp-json\/wp\/v2\/pages\/779\/revisions\/1854"}],"wp:attachment":[{"href":"https:\/\/www.tsv-buchbach.de\/turnen\/wp-json\/wp\/v2\/media?parent=779"}],"curies":[{"name":"wp","href":"https:\/\/api.w.org\/{rel}","templated":true}]}}